{"id":3,"date":"2026-01-26T21:18:19","date_gmt":"2026-01-26T21:18:19","guid":{"rendered":"http:\/\/leroyaumeintemporel.fr\/?page_id=3"},"modified":"2026-02-03T20:05:49","modified_gmt":"2026-02-03T20:05:49","slug":"privacy-policy","status":"publish","type":"page","link":"https:\/\/leroyaumeintemporel.fr\/index.php\/privacy-policy\/","title":{"rendered":"Qui suis-je ?"},"content":{"rendered":"\n<p>Fiche technique du bonhomme :<br>Renaud, dipl\u00f4m\u00e9 des Beaux-arts (Bac +3)<br>Dipl\u00f4me National d\u2019Art et Techniques<br>Option design visuel &#8211; communication<br>A collabor\u00e9 avec des magazines d\u2019histoire militaire.<br>\u00c9galement portraitiste, Illustrateur, et m\u00eame graphiste.<br>C\u2019est pour \u00e7a que ce site a trop la classe.<br>Ah, si : de temps en temps, il est cariste aussi.<\/p>\n\n\n\n<p>Ci-dessous, quelques exemples de mon travail en dehors du royaume intemporel :<\/p>\n\n\n\n<div class=\"wp-block-group alignwide is-nowrap is-layout-flex wp-container-core-group-is-layout-6c531013 wp-block-group-is-layout-flex\">\n<div class=\"wp-block-group is-nowrap is-layout-flex wp-container-core-group-is-layout-f66f9956 wp-block-group-is-layout-flex\">\n<figure data-wp-context=\"{&quot;imageId&quot;:&quot;69d5290d35228&quot;}\" data-wp-interactive=\"core\/image\" data-wp-key=\"69d5290d35228\" class=\"wp-block-image size-large wp-lightbox-container\"><img loading=\"lazy\" decoding=\"async\" width=\"1024\" height=\"724\" data-wp-class--hide=\"state.isContentHidden\" data-wp-class--show=\"state.isContentVisible\" data-wp-init=\"callbacks.setButtonStyles\" data-wp-on--click=\"actions.showLightbox\" data-wp-on--load=\"callbacks.setButtonStyles\" data-wp-on-window--resize=\"callbacks.setButtonStyles\" src=\"https:\/\/leroyaumeintemporel.fr\/wp-content\/uploads\/2026\/02\/Pont-1024x724.jpg\" alt=\"\" class=\"wp-image-157\" srcset=\"https:\/\/leroyaumeintemporel.fr\/wp-content\/uploads\/2026\/02\/Pont-1024x724.jpg 1024w, https:\/\/leroyaumeintemporel.fr\/wp-content\/uploads\/2026\/02\/Pont-300x212.jpg 300w, https:\/\/leroyaumeintemporel.fr\/wp-content\/uploads\/2026\/02\/Pont-768x543.jpg 768w, https:\/\/leroyaumeintemporel.fr\/wp-content\/uploads\/2026\/02\/Pont-1536x1086.jpg 1536w, https:\/\/leroyaumeintemporel.fr\/wp-content\/uploads\/2026\/02\/Pont-2048x1448.jpg 2048w\" sizes=\"auto, (max-width: 1024px) 100vw, 1024px\" \/><button\n\t\t\tclass=\"lightbox-trigger\"\n\t\t\ttype=\"button\"\n\t\t\taria-haspopup=\"dialog\"\n\t\t\taria-label=\"Agrandir\"\n\t\t\tdata-wp-init=\"callbacks.initTriggerButton\"\n\t\t\tdata-wp-on--click=\"actions.showLightbox\"\n\t\t\tdata-wp-style--right=\"state.imageButtonRight\"\n\t\t\tdata-wp-style--top=\"state.imageButtonTop\"\n\t\t>\n\t\t\t<svg xmlns=\"http:\/\/www.w3.org\/2000\/svg\" width=\"12\" height=\"12\" fill=\"none\" viewBox=\"0 0 12 12\">\n\t\t\t\t<path fill=\"#fff\" d=\"M2 0a2 2 0 0 0-2 2v2h1.5V2a.5.5 0 0 1 .5-.5h2V0H2Zm2 10.5H2a.5.5 0 0 1-.5-.5V8H0v2a2 2 0 0 0 2 2h2v-1.5ZM8 12v-1.5h2a.5.5 0 0 0 .5-.5V8H12v2a2 2 0 0 1-2 2H8Zm2-12a2 2 0 0 1 2 2v2h-1.5V2a.5.5 0 0 0-.5-.5H8V0h2Z\" \/>\n\t\t\t<\/svg>\n\t\t<\/button><\/figure>\n\n\n\n<figure data-wp-context=\"{&quot;imageId&quot;:&quot;69d5290d35665&quot;}\" data-wp-interactive=\"core\/image\" data-wp-key=\"69d5290d35665\" class=\"wp-block-image size-large wp-lightbox-container\"><img loading=\"lazy\" decoding=\"async\" width=\"1024\" height=\"538\" data-wp-class--hide=\"state.isContentHidden\" data-wp-class--show=\"state.isContentVisible\" data-wp-init=\"callbacks.setButtonStyles\" data-wp-on--click=\"actions.showLightbox\" data-wp-on--load=\"callbacks.setButtonStyles\" data-wp-on-window--resize=\"callbacks.setButtonStyles\" src=\"https:\/\/leroyaumeintemporel.fr\/wp-content\/uploads\/2026\/02\/FT-17-Japon-1024x538.jpg\" alt=\"\" class=\"wp-image-155\" srcset=\"https:\/\/leroyaumeintemporel.fr\/wp-content\/uploads\/2026\/02\/FT-17-Japon-1024x538.jpg 1024w, https:\/\/leroyaumeintemporel.fr\/wp-content\/uploads\/2026\/02\/FT-17-Japon-300x158.jpg 300w, https:\/\/leroyaumeintemporel.fr\/wp-content\/uploads\/2026\/02\/FT-17-Japon-768x404.jpg 768w, https:\/\/leroyaumeintemporel.fr\/wp-content\/uploads\/2026\/02\/FT-17-Japon-1536x808.jpg 1536w, https:\/\/leroyaumeintemporel.fr\/wp-content\/uploads\/2026\/02\/FT-17-Japon-2048x1077.jpg 2048w\" sizes=\"auto, (max-width: 1024px) 100vw, 1024px\" \/><button\n\t\t\tclass=\"lightbox-trigger\"\n\t\t\ttype=\"button\"\n\t\t\taria-haspopup=\"dialog\"\n\t\t\taria-label=\"Agrandir\"\n\t\t\tdata-wp-init=\"callbacks.initTriggerButton\"\n\t\t\tdata-wp-on--click=\"actions.showLightbox\"\n\t\t\tdata-wp-style--right=\"state.imageButtonRight\"\n\t\t\tdata-wp-style--top=\"state.imageButtonTop\"\n\t\t>\n\t\t\t<svg xmlns=\"http:\/\/www.w3.org\/2000\/svg\" width=\"12\" height=\"12\" fill=\"none\" viewBox=\"0 0 12 12\">\n\t\t\t\t<path fill=\"#fff\" d=\"M2 0a2 2 0 0 0-2 2v2h1.5V2a.5.5 0 0 1 .5-.5h2V0H2Zm2 10.5H2a.5.5 0 0 1-.5-.5V8H0v2a2 2 0 0 0 2 2h2v-1.5ZM8 12v-1.5h2a.5.5 0 0 0 .5-.5V8H12v2a2 2 0 0 1-2 2H8Zm2-12a2 2 0 0 1 2 2v2h-1.5V2a.5.5 0 0 0-.5-.5H8V0h2Z\" \/>\n\t\t\t<\/svg>\n\t\t<\/button><\/figure>\n\n\n\n<figure data-wp-context=\"{&quot;imageId&quot;:&quot;69d5290d359a2&quot;}\" data-wp-interactive=\"core\/image\" data-wp-key=\"69d5290d359a2\" class=\"wp-block-image size-large wp-lightbox-container\"><img loading=\"lazy\" decoding=\"async\" width=\"724\" height=\"1024\" data-wp-class--hide=\"state.isContentHidden\" data-wp-class--show=\"state.isContentVisible\" data-wp-init=\"callbacks.setButtonStyles\" data-wp-on--click=\"actions.showLightbox\" data-wp-on--load=\"callbacks.setButtonStyles\" data-wp-on-window--resize=\"callbacks.setButtonStyles\" src=\"https:\/\/leroyaumeintemporel.fr\/wp-content\/uploads\/2026\/02\/Lorina-C.-Liddell-724x1024.jpg\" alt=\"\" class=\"wp-image-156\" srcset=\"https:\/\/leroyaumeintemporel.fr\/wp-content\/uploads\/2026\/02\/Lorina-C.-Liddell-724x1024.jpg 724w, https:\/\/leroyaumeintemporel.fr\/wp-content\/uploads\/2026\/02\/Lorina-C.-Liddell-212x300.jpg 212w, https:\/\/leroyaumeintemporel.fr\/wp-content\/uploads\/2026\/02\/Lorina-C.-Liddell-768x1086.jpg 768w, https:\/\/leroyaumeintemporel.fr\/wp-content\/uploads\/2026\/02\/Lorina-C.-Liddell-1086x1536.jpg 1086w, https:\/\/leroyaumeintemporel.fr\/wp-content\/uploads\/2026\/02\/Lorina-C.-Liddell-1448x2048.jpg 1448w, https:\/\/leroyaumeintemporel.fr\/wp-content\/uploads\/2026\/02\/Lorina-C.-Liddell-scaled.jpg 1810w\" sizes=\"auto, (max-width: 724px) 100vw, 724px\" \/><button\n\t\t\tclass=\"lightbox-trigger\"\n\t\t\ttype=\"button\"\n\t\t\taria-haspopup=\"dialog\"\n\t\t\taria-label=\"Agrandir\"\n\t\t\tdata-wp-init=\"callbacks.initTriggerButton\"\n\t\t\tdata-wp-on--click=\"actions.showLightbox\"\n\t\t\tdata-wp-style--right=\"state.imageButtonRight\"\n\t\t\tdata-wp-style--top=\"state.imageButtonTop\"\n\t\t>\n\t\t\t<svg xmlns=\"http:\/\/www.w3.org\/2000\/svg\" width=\"12\" height=\"12\" fill=\"none\" viewBox=\"0 0 12 12\">\n\t\t\t\t<path fill=\"#fff\" d=\"M2 0a2 2 0 0 0-2 2v2h1.5V2a.5.5 0 0 1 .5-.5h2V0H2Zm2 10.5H2a.5.5 0 0 1-.5-.5V8H0v2a2 2 0 0 0 2 2h2v-1.5ZM8 12v-1.5h2a.5.5 0 0 0 .5-.5V8H12v2a2 2 0 0 1-2 2H8Zm2-12a2 2 0 0 1 2 2v2h-1.5V2a.5.5 0 0 0-.5-.5H8V0h2Z\" \/>\n\t\t\t<\/svg>\n\t\t<\/button><\/figure>\n<\/div>\n<\/div>\n\n\n\n<div class=\"wp-block-group alignwide is-nowrap is-layout-flex wp-container-core-group-is-layout-6c531013 wp-block-group-is-layout-flex\">\n<div class=\"wp-block-group is-nowrap is-layout-flex wp-container-core-group-is-layout-5c4495dd wp-block-group-is-layout-flex\">\n<figure data-wp-context=\"{&quot;imageId&quot;:&quot;69d5290d369e4&quot;}\" data-wp-interactive=\"core\/image\" data-wp-key=\"69d5290d369e4\" class=\"wp-block-image alignleft size-large is-resized wp-lightbox-container\"><img loading=\"lazy\" decoding=\"async\" width=\"819\" height=\"1024\" data-wp-class--hide=\"state.isContentHidden\" data-wp-class--show=\"state.isContentVisible\" data-wp-init=\"callbacks.setButtonStyles\" data-wp-on--click=\"actions.showLightbox\" data-wp-on--load=\"callbacks.setButtonStyles\" data-wp-on-window--resize=\"callbacks.setButtonStyles\" src=\"https:\/\/leroyaumeintemporel.fr\/wp-content\/uploads\/2026\/02\/Casaque-rectifie-819x1024.jpg\" alt=\"\" class=\"wp-image-220\" style=\"aspect-ratio:0.799813996744943;width:324px;height:auto\" srcset=\"https:\/\/leroyaumeintemporel.fr\/wp-content\/uploads\/2026\/02\/Casaque-rectifie-819x1024.jpg 819w, https:\/\/leroyaumeintemporel.fr\/wp-content\/uploads\/2026\/02\/Casaque-rectifie-240x300.jpg 240w, https:\/\/leroyaumeintemporel.fr\/wp-content\/uploads\/2026\/02\/Casaque-rectifie-768x961.jpg 768w, https:\/\/leroyaumeintemporel.fr\/wp-content\/uploads\/2026\/02\/Casaque-rectifie.jpg 1108w\" sizes=\"auto, (max-width: 819px) 100vw, 819px\" \/><button\n\t\t\tclass=\"lightbox-trigger\"\n\t\t\ttype=\"button\"\n\t\t\taria-haspopup=\"dialog\"\n\t\t\taria-label=\"Agrandir\"\n\t\t\tdata-wp-init=\"callbacks.initTriggerButton\"\n\t\t\tdata-wp-on--click=\"actions.showLightbox\"\n\t\t\tdata-wp-style--right=\"state.imageButtonRight\"\n\t\t\tdata-wp-style--top=\"state.imageButtonTop\"\n\t\t>\n\t\t\t<svg xmlns=\"http:\/\/www.w3.org\/2000\/svg\" width=\"12\" height=\"12\" fill=\"none\" viewBox=\"0 0 12 12\">\n\t\t\t\t<path fill=\"#fff\" d=\"M2 0a2 2 0 0 0-2 2v2h1.5V2a.5.5 0 0 1 .5-.5h2V0H2Zm2 10.5H2a.5.5 0 0 1-.5-.5V8H0v2a2 2 0 0 0 2 2h2v-1.5ZM8 12v-1.5h2a.5.5 0 0 0 .5-.5V8H12v2a2 2 0 0 1-2 2H8Zm2-12a2 2 0 0 1 2 2v2h-1.5V2a.5.5 0 0 0-.5-.5H8V0h2Z\" \/>\n\t\t\t<\/svg>\n\t\t<\/button><\/figure>\n\n\n\n<div class=\"wp-block-group is-nowrap is-layout-flex wp-container-core-group-is-layout-6c531013 wp-block-group-is-layout-flex\">\n<figure data-wp-context=\"{&quot;imageId&quot;:&quot;69d5290d36d71&quot;}\" data-wp-interactive=\"core\/image\" data-wp-key=\"69d5290d36d71\" class=\"wp-block-image size-large wp-lightbox-container\"><img loading=\"lazy\" decoding=\"async\" width=\"1024\" height=\"683\" data-wp-class--hide=\"state.isContentHidden\" data-wp-class--show=\"state.isContentVisible\" data-wp-init=\"callbacks.setButtonStyles\" data-wp-on--click=\"actions.showLightbox\" data-wp-on--load=\"callbacks.setButtonStyles\" data-wp-on-window--resize=\"callbacks.setButtonStyles\" src=\"https:\/\/leroyaumeintemporel.fr\/wp-content\/uploads\/2026\/02\/NEA-1024x683.jpg\" alt=\"\" class=\"wp-image-158\" srcset=\"https:\/\/leroyaumeintemporel.fr\/wp-content\/uploads\/2026\/02\/NEA-1024x683.jpg 1024w, https:\/\/leroyaumeintemporel.fr\/wp-content\/uploads\/2026\/02\/NEA-300x200.jpg 300w, https:\/\/leroyaumeintemporel.fr\/wp-content\/uploads\/2026\/02\/NEA-768x512.jpg 768w, https:\/\/leroyaumeintemporel.fr\/wp-content\/uploads\/2026\/02\/NEA-1536x1024.jpg 1536w, https:\/\/leroyaumeintemporel.fr\/wp-content\/uploads\/2026\/02\/NEA-2048x1365.jpg 2048w\" sizes=\"auto, (max-width: 1024px) 100vw, 1024px\" \/><button\n\t\t\tclass=\"lightbox-trigger\"\n\t\t\ttype=\"button\"\n\t\t\taria-haspopup=\"dialog\"\n\t\t\taria-label=\"Agrandir\"\n\t\t\tdata-wp-init=\"callbacks.initTriggerButton\"\n\t\t\tdata-wp-on--click=\"actions.showLightbox\"\n\t\t\tdata-wp-style--right=\"state.imageButtonRight\"\n\t\t\tdata-wp-style--top=\"state.imageButtonTop\"\n\t\t>\n\t\t\t<svg xmlns=\"http:\/\/www.w3.org\/2000\/svg\" width=\"12\" height=\"12\" fill=\"none\" viewBox=\"0 0 12 12\">\n\t\t\t\t<path fill=\"#fff\" d=\"M2 0a2 2 0 0 0-2 2v2h1.5V2a.5.5 0 0 1 .5-.5h2V0H2Zm2 10.5H2a.5.5 0 0 1-.5-.5V8H0v2a2 2 0 0 0 2 2h2v-1.5ZM8 12v-1.5h2a.5.5 0 0 0 .5-.5V8H12v2a2 2 0 0 1-2 2H8Zm2-12a2 2 0 0 1 2 2v2h-1.5V2a.5.5 0 0 0-.5-.5H8V0h2Z\" \/>\n\t\t\t<\/svg>\n\t\t<\/button><\/figure>\n<\/div>\n\n\n\n<figure data-wp-context=\"{&quot;imageId&quot;:&quot;69d5290d37103&quot;}\" data-wp-interactive=\"core\/image\" data-wp-key=\"69d5290d37103\" class=\"wp-block-image size-large wp-lightbox-container\"><img loading=\"lazy\" decoding=\"async\" width=\"1024\" height=\"483\" data-wp-class--hide=\"state.isContentHidden\" data-wp-class--show=\"state.isContentVisible\" data-wp-init=\"callbacks.setButtonStyles\" data-wp-on--click=\"actions.showLightbox\" data-wp-on--load=\"callbacks.setButtonStyles\" data-wp-on-window--resize=\"callbacks.setButtonStyles\" src=\"https:\/\/leroyaumeintemporel.fr\/wp-content\/uploads\/2026\/02\/Aero-S-103-tcheque-1024x483.jpg\" alt=\"\" class=\"wp-image-159\" srcset=\"https:\/\/leroyaumeintemporel.fr\/wp-content\/uploads\/2026\/02\/Aero-S-103-tcheque-1024x483.jpg 1024w, https:\/\/leroyaumeintemporel.fr\/wp-content\/uploads\/2026\/02\/Aero-S-103-tcheque-300x142.jpg 300w, https:\/\/leroyaumeintemporel.fr\/wp-content\/uploads\/2026\/02\/Aero-S-103-tcheque-768x362.jpg 768w, https:\/\/leroyaumeintemporel.fr\/wp-content\/uploads\/2026\/02\/Aero-S-103-tcheque-1536x725.jpg 1536w, https:\/\/leroyaumeintemporel.fr\/wp-content\/uploads\/2026\/02\/Aero-S-103-tcheque-2048x966.jpg 2048w\" sizes=\"auto, (max-width: 1024px) 100vw, 1024px\" \/><button\n\t\t\tclass=\"lightbox-trigger\"\n\t\t\ttype=\"button\"\n\t\t\taria-haspopup=\"dialog\"\n\t\t\taria-label=\"Agrandir\"\n\t\t\tdata-wp-init=\"callbacks.initTriggerButton\"\n\t\t\tdata-wp-on--click=\"actions.showLightbox\"\n\t\t\tdata-wp-style--right=\"state.imageButtonRight\"\n\t\t\tdata-wp-style--top=\"state.imageButtonTop\"\n\t\t>\n\t\t\t<svg xmlns=\"http:\/\/www.w3.org\/2000\/svg\" width=\"12\" height=\"12\" fill=\"none\" viewBox=\"0 0 12 12\">\n\t\t\t\t<path fill=\"#fff\" d=\"M2 0a2 2 0 0 0-2 2v2h1.5V2a.5.5 0 0 1 .5-.5h2V0H2Zm2 10.5H2a.5.5 0 0 1-.5-.5V8H0v2a2 2 0 0 0 2 2h2v-1.5ZM8 12v-1.5h2a.5.5 0 0 0 .5-.5V8H12v2a2 2 0 0 1-2 2H8Zm2-12a2 2 0 0 1 2 2v2h-1.5V2a.5.5 0 0 0-.5-.5H8V0h2Z\" \/>\n\t\t\t<\/svg>\n\t\t<\/button><\/figure>\n<\/div>\n<\/div>\n","protected":false},"excerpt":{"rendered":"<p>Fiche technique du bonhomme :Renaud, dipl\u00f4m\u00e9 des Beaux-arts (Bac +3)Dipl\u00f4me National d\u2019Art et TechniquesOption design visuel &#8211; communicationA collabor\u00e9 avec des magazines d\u2019histoire militaire.\u00c9galement portraitiste, Illustrateur, et m\u00eame graphiste.C\u2019est pour \u00e7a que ce site a trop la classe.Ah, si : de temps en temps, il est cariste aussi. Ci-dessous, quelques exemples de mon travail en [&hellip;]<\/p>\n","protected":false},"author":1,"featured_media":0,"parent":0,"menu_order":0,"comment_status":"closed","ping_status":"open","template":"","meta":{"footnotes":""},"class_list":["post-3","page","type-page","status-publish","hentry"],"_links":{"self":[{"href":"https:\/\/leroyaumeintemporel.fr\/index.php\/wp-json\/wp\/v2\/pages\/3","targetHints":{"allow":["GET"]}}],"collection":[{"href":"https:\/\/leroyaumeintemporel.fr\/index.php\/wp-json\/wp\/v2\/pages"}],"about":[{"href":"https:\/\/leroyaumeintemporel.fr\/index.php\/wp-json\/wp\/v2\/types\/page"}],"author":[{"embeddable":true,"href":"https:\/\/leroyaumeintemporel.fr\/index.php\/wp-json\/wp\/v2\/users\/1"}],"replies":[{"embeddable":true,"href":"https:\/\/leroyaumeintemporel.fr\/index.php\/wp-json\/wp\/v2\/comments?post=3"}],"version-history":[{"count":12,"href":"https:\/\/leroyaumeintemporel.fr\/index.php\/wp-json\/wp\/v2\/pages\/3\/revisions"}],"predecessor-version":[{"id":236,"href":"https:\/\/leroyaumeintemporel.fr\/index.php\/wp-json\/wp\/v2\/pages\/3\/revisions\/236"}],"wp:attachment":[{"href":"https:\/\/leroyaumeintemporel.fr\/index.php\/wp-json\/wp\/v2\/media?parent=3"}],"curies":[{"name":"wp","href":"https:\/\/api.w.org\/{rel}","templated":true}]}}